{"id":4824,"date":"2025-03-09T12:18:28","date_gmt":"2025-03-09T17:18:28","guid":{"rendered":"https:\/\/cgp.org.pe\/web\/?page_id=4824"},"modified":"2025-03-09T13:02:05","modified_gmt":"2025-03-09T18:02:05","slug":"historia-mision-y-vision","status":"publish","type":"page","link":"https:\/\/cgp.org.pe\/web\/historia-mision-y-vision\/","title":{"rendered":"Historia, Misi\u00f3n y Visi\u00f3n"},"content":{"rendered":"<p>\ud83c\udf0d MISI\u00d3N<br \/>\nEl Colegio de Ge\u00f3grafos del Per\u00fa tiene como prop\u00f3sito promover, regular y fortalecer el ejercicio profesional de la geograf\u00eda en el pa\u00eds, impulsando la investigaci\u00f3n, la innovaci\u00f3n y el uso de tecnolog\u00edas geoespaciales para contribuir al desarrollo sostenible, la gesti\u00f3n territorial y el bienestar de la sociedad. Asimismo, busca representar y defender los derechos e intereses de los ge\u00f3grafos, garantizando el reconocimiento y la valoraci\u00f3n de su labor en los sectores p\u00fablico, privado y acad\u00e9mico.  <\/p>\n<p>\ud83c\udf0e VISI\u00d3N<br \/>\nSer la instituci\u00f3n l\u00edder y referente en el \u00e1mbito geogr\u00e1fico del Per\u00fa, reconocida por su compromiso con la excelencia profesional, la formaci\u00f3n continua y la aplicaci\u00f3n de la geograf\u00eda en la toma de decisiones estrat\u00e9gicas para el desarrollo del pa\u00eds. Aspiramos a consolidarnos como un actor clave en la planificaci\u00f3n territorial, la gesti\u00f3n ambiental y la mitigaci\u00f3n de riesgos, contribuyendo a la construcci\u00f3n de un futuro sostenible e inclusivo para las generaciones venideras.<\/p>\n","protected":false},"excerpt":{"rendered":"<p>\ud83c\udf0d MISI\u00d3N El Colegio de Ge\u00f3grafos del Per\u00fa tiene como prop\u00f3sito promover, regular y fortalecer el ejercicio profesional de la geograf\u00eda en el pa\u00eds, impulsando la investigaci\u00f3n, la innovaci\u00f3n y el uso de tecnolog\u00edas geoespaciales para contribuir al desarrollo sostenible, la gesti\u00f3n territorial y el bienestar de la sociedad. Asimismo, busca representar y defender los [&hellip;]<\/p>\n","protected":false},"author":2,"featured_media":0,"parent":0,"menu_order":0,"comment_status":"closed","ping_status":"closed","template":"","meta":{"_et_pb_use_builder":"","_et_pb_old_content":"","_et_gb_content_width":"","footnotes":""},"class_list":["post-4824","page","type-page","status-publish","hentry"],"_links":{"self":[{"href":"https:\/\/cgp.org.pe\/web\/wp-json\/wp\/v2\/pages\/4824","targetHints":{"allow":["GET"]}}],"collection":[{"href":"https:\/\/cgp.org.pe\/web\/wp-json\/wp\/v2\/pages"}],"about":[{"href":"https:\/\/cgp.org.pe\/web\/wp-json\/wp\/v2\/types\/page"}],"author":[{"embeddable":true,"href":"https:\/\/cgp.org.pe\/web\/wp-json\/wp\/v2\/users\/2"}],"replies":[{"embeddable":true,"href":"https:\/\/cgp.org.pe\/web\/wp-json\/wp\/v2\/comments?post=4824"}],"version-history":[{"count":3,"href":"https:\/\/cgp.org.pe\/web\/wp-json\/wp\/v2\/pages\/4824\/revisions"}],"predecessor-version":[{"id":4851,"href":"https:\/\/cgp.org.pe\/web\/wp-json\/wp\/v2\/pages\/4824\/revisions\/4851"}],"wp:attachment":[{"href":"https:\/\/cgp.org.pe\/web\/wp-json\/wp\/v2\/media?parent=4824"}],"curies":[{"name":"wp","href":"https:\/\/api.w.org\/{rel}","templated":true}]}}