{"id":29,"date":"2020-08-11T22:39:03","date_gmt":"2020-08-11T22:39:03","guid":{"rendered":"https:\/\/cgp.org.pe\/web\/?page_id=29"},"modified":"2025-03-28T13:19:13","modified_gmt":"2025-03-28T18:19:13","slug":"cursos","status":"publish","type":"page","link":"https:\/\/cgp.org.pe\/web\/cursos\/","title":{"rendered":"Cursos"},"content":{"rendered":"<p>[et_pb_section fb_built=\u00bb1&#8243; _builder_version=\u00bb4.5.6&#8243; _module_preset=\u00bbdefault\u00bb custom_margin=\u00bb-5px|||||\u00bb custom_padding=\u00bb10px||0px|||\u00bb][et_pb_row _builder_version=\u00bb4.5.6&#8243; _module_preset=\u00bbdefault\u00bb min_height=\u00bb568.1px\u00bb custom_margin=\u00bb0px|auto|41px|auto||\u00bb custom_padding=\u00bb34px||34px|0px|true|\u00bb hover_enabled=\u00bb0&#8243;][et_pb_column type=\u00bb4_4&#8243; _builder_version=\u00bb4.5.6&#8243; _module_preset=\u00bbdefault\u00bb][et_pb_blog include_categories=\u00bb44&#8243; _builder_version=\u00bb4.5.6&#8243; _module_preset=\u00bbdefault\u00bb hover_enabled=\u00bb0&#8243; custom_padding=\u00bb|0px||||\u00bb][\/et_pb_blog][\/et_pb_column][\/et_pb_row][\/et_pb_section][et_pb_section fb_built=\u00bb1&#8243; _builder_version=\u00bb4.5.6&#8243; _module_preset=\u00bbdefault\u00bb custom_padding=\u00bb55px|||||\u00bb][et_pb_row column_structure=\u00bb1_3,1_3,1_3&#8243; _builder_version=\u00bb4.5.6&#8243; _module_preset=\u00bbdefault\u00bb custom_margin=\u00bb-59px|auto||auto||\u00bb][et_pb_column type=\u00bb1_3&#8243; _builder_version=\u00bb4.5.6&#8243; _module_preset=\u00bbdefault\u00bb][et_pb_blurb title=\u00bbSistemas de Informaci\u00f3n Geogr\u00e1fica con QGIS\u00bb image=\u00bbhttp:\/\/cgp.org.pe\/web\/wp-content\/uploads\/2022\/01\/QGIS2.jpg\u00bb _builder_version=\u00bb4.5.6&#8243; _module_preset=\u00bbdefault\u00bb header_text_align=\u00bbcenter\u00bb custom_padding=\u00bb|||40px||\u00bb animation_style=\u00bbslide\u00bb][\/et_pb_blurb][\/et_pb_column][et_pb_column type=\u00bb1_3&#8243; _builder_version=\u00bb4.5.6&#8243; _module_preset=\u00bbdefault\u00bb][et_pb_blurb title=\u00bbGoogle Earth Pro\u00bb image=\u00bbhttp:\/\/cgp.org.pe\/web\/wp-content\/uploads\/2022\/01\/google-earth.jpg\u00bb _builder_version=\u00bb4.5.6&#8243; _module_preset=\u00bbdefault\u00bb header_text_align=\u00bbcenter\u00bb animation_style=\u00bbslide\u00bb][\/et_pb_blurb][\/et_pb_column][et_pb_column type=\u00bb1_3&#8243; _builder_version=\u00bb4.5.6&#8243; _module_preset=\u00bbdefault\u00bb][et_pb_blurb title=\u00bbTeledetecci\u00f3n y Procesamiento Digital de Im\u00e1genes con ENVI\u00bb image=\u00bbhttp:\/\/cgp.org.pe\/web\/wp-content\/uploads\/2022\/01\/envi.jpg\u00bb _builder_version=\u00bb4.5.6&#8243; _module_preset=\u00bbdefault\u00bb header_text_align=\u00bbcenter\u00bb custom_padding=\u00bb|40px||||\u00bb animation_style=\u00bbslide\u00bb][\/et_pb_blurb][\/et_pb_column][\/et_pb_row][et_pb_row column_structure=\u00bb1_3,1_3,1_3&#8243; _builder_version=\u00bb4.5.6&#8243; _module_preset=\u00bbdefault\u00bb custom_margin=\u00bb-4px|auto||auto||\u00bb custom_padding=\u00bb53px|||||\u00bb][et_pb_column type=\u00bb1_3&#8243; _builder_version=\u00bb4.5.6&#8243; _module_preset=\u00bbdefault\u00bb][et_pb_blurb title=\u00bbQGIS Aplicado a la Arqueolog\u00eda\u00bb image=\u00bbhttp:\/\/cgp.org.pe\/web\/wp-content\/uploads\/2022\/01\/arqueo.jpg\u00bb _builder_version=\u00bb4.5.6&#8243; _module_preset=\u00bbdefault\u00bb header_text_align=\u00bbcenter\u00bb custom_padding=\u00bb|||40px||\u00bb animation_style=\u00bbslide\u00bb][\/et_pb_blurb][\/et_pb_column][et_pb_column type=\u00bb1_3&#8243; _builder_version=\u00bb4.5.6&#8243; _module_preset=\u00bbdefault\u00bb][et_pb_blurb title=\u00bbProcesamiento de la informaci\u00f3n geogr\u00e1fica con los SIG (nivel intermedio)\u00bb image=\u00bbhttp:\/\/cgp.org.pe\/web\/wp-content\/uploads\/2022\/01\/sig4.jpg\u00bb _builder_version=\u00bb4.5.6&#8243; _module_preset=\u00bbdefault\u00bb header_text_align=\u00bbcenter\u00bb animation_style=\u00bbslide\u00bb][\/et_pb_blurb][\/et_pb_column][et_pb_column type=\u00bb1_3&#8243; _builder_version=\u00bb4.5.6&#8243; _module_preset=\u00bbdefault\u00bb][et_pb_blurb title=\u00bbSIG para la modelaci\u00f3n del transporte\u00bb image=\u00bbhttp:\/\/cgp.org.pe\/web\/wp-content\/uploads\/2022\/01\/transporte.jpg\u00bb _builder_version=\u00bb4.5.6&#8243; _module_preset=\u00bbdefault\u00bb header_text_align=\u00bbcenter\u00bb custom_padding=\u00bb|41px||||\u00bb animation_style=\u00bbslide\u00bb][\/et_pb_blurb][\/et_pb_column][\/et_pb_row][et_pb_row column_structure=\u00bb1_3,1_3,1_3&#8243; _builder_version=\u00bb4.5.6&#8243; _module_preset=\u00bbdefault\u00bb][et_pb_column type=\u00bb1_3&#8243; _builder_version=\u00bb4.5.6&#8243; _module_preset=\u00bbdefault\u00bb][et_pb_blurb title=\u00bb\u2018R\u2019 Aplicado a los SIG y Teledetecci\u00f3n\u00bb image=\u00bbhttp:\/\/cgp.org.pe\/web\/wp-content\/uploads\/2022\/01\/r.jpg\u00bb _builder_version=\u00bb4.5.6&#8243; _module_preset=\u00bbdefault\u00bb header_text_align=\u00bbcenter\u00bb custom_padding=\u00bb|||40px||\u00bb animation_style=\u00bbslide\u00bb][\/et_pb_blurb][\/et_pb_column][et_pb_column type=\u00bb1_3&#8243; _builder_version=\u00bb4.5.6&#8243; _module_preset=\u00bbdefault\u00bb][et_pb_blurb title=\u00bbIntroducci\u00f3n al geoprocesamiento de datos espaciales\u00bb image=\u00bbhttp:\/\/cgp.org.pe\/web\/wp-content\/uploads\/2022\/01\/QyR.jpg\u00bb _builder_version=\u00bb4.5.6&#8243; _module_preset=\u00bbdefault\u00bb header_text_align=\u00bbcenter\u00bb animation_style=\u00bbslide\u00bb][\/et_pb_blurb][\/et_pb_column][et_pb_column type=\u00bb1_3&#8243; _builder_version=\u00bb4.5.6&#8243; _module_preset=\u00bbdefault\u00bb][et_pb_blurb title=\u00bbUso y aplicaci\u00f3n profesional de RPAS \u2013 Drones (nivel experto)\u00bb image=\u00bbhttp:\/\/cgp.org.pe\/web\/wp-content\/uploads\/2022\/01\/drones.jpg\u00bb _builder_version=\u00bb4.5.6&#8243; _module_preset=\u00bbdefault\u00bb header_text_align=\u00bbcenter\u00bb custom_padding=\u00bb|40px||||\u00bb animation_style=\u00bbslide\u00bb][\/et_pb_blurb][\/et_pb_column][\/et_pb_row][et_pb_row column_structure=\u00bb1_3,1_3,1_3&#8243; _builder_version=\u00bb4.5.6&#8243; _module_preset=\u00bbdefault\u00bb][et_pb_column type=\u00bb1_3&#8243; _builder_version=\u00bb4.5.6&#8243; _module_preset=\u00bbdefault\u00bb][et_pb_blurb title=\u00bbLevantamiento fotogram\u00e9trico: normativa, planificaci\u00f3n, procesamiento, introducci\u00f3n al manejo de equipos RPAS\u00bb image=\u00bbhttp:\/\/cgp.org.pe\/web\/wp-content\/uploads\/2022\/01\/drone2.jpg\u00bb _builder_version=\u00bb4.5.6&#8243; _module_preset=\u00bbdefault\u00bb header_text_align=\u00bbcenter\u00bb custom_padding=\u00bb|||40px||\u00bb animation_style=\u00bbslide\u00bb][\/et_pb_blurb][\/et_pb_column][et_pb_column type=\u00bb1_3&#8243; _builder_version=\u00bb4.5.6&#8243; _module_preset=\u00bbdefault\u00bb][et_pb_blurb title=\u00bbManejo y Control de las Relaciones Espaciales \u2013 Topolog\u00eda\u00bb image=\u00bbhttp:\/\/cgp.org.pe\/web\/wp-content\/uploads\/2022\/01\/topologia.jpg\u00bb _builder_version=\u00bb4.5.6&#8243; _module_preset=\u00bbdefault\u00bb header_text_align=\u00bbcenter\u00bb animation_style=\u00bbslide\u00bb][\/et_pb_blurb][\/et_pb_column][et_pb_column type=\u00bb1_3&#8243; _builder_version=\u00bb4.5.6&#8243; _module_preset=\u00bbdefault\u00bb][et_pb_blurb title=\u00bbCATASTRO Y SANEAMIENTO F\u00cdSICO LEGAL\u00bb image=\u00bbhttp:\/\/cgp.org.pe\/web\/wp-content\/uploads\/2022\/01\/educacion.jpg\u00bb _builder_version=\u00bb4.5.6&#8243; _module_preset=\u00bbdefault\u00bb header_text_align=\u00bbcenter\u00bb custom_padding=\u00bb|41px||||\u00bb animation_style=\u00bbslide\u00bb][\/et_pb_blurb][\/et_pb_column][\/et_pb_row][et_pb_row _builder_version=\u00bb4.5.6&#8243; _module_preset=\u00bbdefault\u00bb min_height=\u00bb129.5px\u00bb custom_padding=\u00bb1px||1px|||\u00bb][et_pb_column type=\u00bb4_4&#8243; _builder_version=\u00bb4.5.6&#8243; _module_preset=\u00bbdefault\u00bb][et_pb_text _builder_version=\u00bb4.5.6&#8243; _module_preset=\u00bbdefault\u00bb min_height=\u00bb45.4px\u00bb custom_padding=\u00bb22px|80px|18px|80px||\u00bb]<\/p>\n<p style=\"text-align: justify;\"><span style=\"color: #ffffff;\">El Colegio de Ge\u00f3grafos del Per\u00fa en alianza con prestigiosas instituciones educativas ofrece cursos especializados en ordenamiento territorial que se adecuan a fortalecer el perfil\u00a0de profesionales que laboran en el Estado y\/o en empresas privadas.<\/span><\/p>\n<p><span style=\"color: #ffffff;\">Si requiere de informaci\u00f3n adicional o desear preguntar por alg\u00fan curso que no est\u00e1 en la lista, escr\u00edbanos al siguiente correo electr\u00f3nico:<strong>\u00a0secretario@cgp.org.pe<\/strong><\/span><\/p>\n<p>[\/et_pb_text][\/et_pb_column][\/et_pb_row][\/et_pb_section][et_pb_section fb_built=\u00bb1&#8243; _builder_version=\u00bb4.5.6&#8243; _module_preset=\u00bbdefault\u00bb background_color=\u00bb#000000&#8243; custom_padding=\u00bb42px||18px|||\u00bb top_divider_height=\u00bb50px\u00bb top_divider_flip=\u00bbvertical\u00bb][et_pb_row _builder_version=\u00bb4.5.6&#8243; _module_preset=\u00bbdefault\u00bb custom_padding=\u00bb||19px|||\u00bb][et_pb_column type=\u00bb4_4&#8243; _builder_version=\u00bb4.5.6&#8243; _module_preset=\u00bbdefault\u00bb][et_pb_text _builder_version=\u00bb4.5.6&#8243; _module_preset=\u00bbdefault\u00bb text_font=\u00bbCourgette||||||||\u00bb text_text_color=\u00bb#ffffff\u00bb text_font_size=\u00bb16px\u00bb text_line_height=\u00bb1.3em\u00bb header_font=\u00bb|300|||||||\u00bb header_text_color=\u00bb#ffffff\u00bb header_font_size=\u00bb40px\u00bb header_letter_spacing=\u00bb2px\u00bb header_4_font=\u00bbMerienda||||||||\u00bb header_4_font_size=\u00bb36px\u00bb background_layout=\u00bbdark\u00bb custom_margin=\u00bb||15px|||\u00bb border_color_all=\u00bb#2175ba\u00bb]<\/p>\n<h1 style=\"text-align: center;\">Cursos por convenios<\/h1>\n<p>[\/et_pb_text][et_pb_text _builder_version=\u00bb4.5.6&#8243; _module_preset=\u00bbdefault\u00bb text_font=\u00bbMerienda||||||||\u00bb text_text_color=\u00bb#ffffff\u00bb text_font_size=\u00bb16px\u00bb text_line_height=\u00bb1.3em\u00bb header_font=\u00bb|300|||||||\u00bb header_text_color=\u00bb#ffffff\u00bb header_font_size=\u00bb40px\u00bb header_letter_spacing=\u00bb2px\u00bb header_4_font=\u00bbMerienda||||||||\u00bb header_4_font_size=\u00bb36px\u00bb background_layout=\u00bbdark\u00bb border_color_all=\u00bb#2175ba\u00bb]<\/p>\n<p style=\"text-align: center;\">En el marco de los convenios institucionales, el CGP desarrollar\u00e1<br \/> cursos mediante las plataformas o modalidades de las siguientes instituciones:<\/p>\n<p>[\/et_pb_text][\/et_pb_column][\/et_pb_row][\/et_pb_section][et_pb_section fb_built=\u00bb1&#8243; prev_background_color=\u00bb#000000&#8243; _builder_version=\u00bb4.5.6&#8243; _module_preset=\u00bbdefault\u00bb background_color=\u00bbrgba(255,255,255,0.82)\u00bb background_enable_image=\u00bboff\u00bb background_size=\u00bbcontain\u00bb background_repeat=\u00bbrepeat\u00bb background_blend=\u00bbhard-light\u00bb top_divider_style=\u00bbarrow2&#8243; top_divider_height=\u00bb72px\u00bb top_divider_arrangement=\u00bbabove_content\u00bb][et_pb_row _builder_version=\u00bb4.5.6&#8243; _module_preset=\u00bbdefault\u00bb max_width=\u00bb2560px\u00bb custom_padding=\u00bb70px|||||\u00bb][et_pb_column type=\u00bb4_4&#8243; _builder_version=\u00bb4.5.6&#8243; _module_preset=\u00bbdefault\u00bb][et_pb_blurb title=\u00bbConservatorio de Lima Josafat\u00bb url=\u00bbhttp:\/\/Ver%20convenio\u00bb url_new_window=\u00bbon\u00bb image=\u00bbhttp:\/\/cgp.org.pe\/web\/wp-content\/uploads\/2021\/12\/conservatorio.jpg\u00bb _builder_version=\u00bb4.5.6&#8243; _module_preset=\u00bbdefault\u00bb header_font=\u00bbCourgette||||||||\u00bb header_text_align=\u00bbcenter\u00bb header_font_size=\u00bb25px\u00bb text_orientation=\u00bbjustified\u00bb custom_margin=\u00bb||-4px|||\u00bb custom_padding=\u00bb||27px|||\u00bb link_option_url=\u00bbhttps:\/\/cgp.org.pe\/convenios\/ICP.pdf\u00bb link_option_url_new_window=\u00bbon\u00bb]<\/p>\n<p>En el marco del convenio CGP-Conservatorio de Lima, los cursos del conservatorio se dictar\u00e1n seg\u00fan la modalidad que designe el Conservatorio de Lima. Puede ver los cursos disponibles en el siguiente enlace:<\/p>\n<p>[\/et_pb_blurb][et_pb_button button_url=\u00bbhttps:\/\/www.facebook.com\/ConservatoriodeLima\/\u00bb url_new_window=\u00bbon\u00bb button_text=\u00bbver cursos\u00bb button_alignment=\u00bbcenter\u00bb _builder_version=\u00bb4.5.6&#8243; _module_preset=\u00bbdefault\u00bb custom_button=\u00bbon\u00bb button_text_color=\u00bb#000000&#8243; button_bg_color=\u00bb#ffffff\u00bb button_border_color=\u00bb#000000&#8243; button_font=\u00bbAnton||||||||\u00bb button_text_color_last_edited=\u00bboff|desktop\u00bb button_bg_color_tablet=\u00bb\u00bb button_bg_color_phone=\u00bb\u00bb button_bg_color_last_edited=\u00bbon|desktop\u00bb button_text_color__hover_enabled=\u00bbon|desktop\u00bb button_bg_color__hover_enabled=\u00bboff|desktop\u00bb button_text_color__hover=\u00bb#ffffff\u00bb][\/et_pb_button][\/et_pb_column][\/et_pb_row][\/et_pb_section]<\/p>\n","protected":false},"excerpt":{"rendered":"<p>[et_pb_section fb_built=\u00bb1&#8243; _builder_version=\u00bb4.5.6&#8243; _module_preset=\u00bbdefault\u00bb custom_margin=\u00bb-5px|||||\u00bb custom_padding=\u00bb10px||0px|||\u00bb][et_pb_row _builder_version=\u00bb4.5.6&#8243; _module_preset=\u00bbdefault\u00bb min_height=\u00bb568.1px\u00bb custom_margin=\u00bb0px|auto|41px|auto||\u00bb custom_padding=\u00bb34px||34px|0px|true|\u00bb hover_enabled=\u00bb0&#8243;][et_pb_column type=\u00bb4_4&#8243; _builder_version=\u00bb4.5.6&#8243; _module_preset=\u00bbdefault\u00bb][et_pb_blog include_categories=\u00bb44&#8243; _builder_version=\u00bb4.5.6&#8243; _module_preset=\u00bbdefault\u00bb hover_enabled=\u00bb0&#8243; custom_padding=\u00bb|0px||||\u00bb][\/et_pb_blog][\/et_pb_column][\/et_pb_row][\/et_pb_section][et_pb_section fb_built=\u00bb1&#8243; _builder_version=\u00bb4.5.6&#8243; _module_preset=\u00bbdefault\u00bb custom_padding=\u00bb55px|||||\u00bb][et_pb_row column_structure=\u00bb1_3,1_3,1_3&#8243; _builder_version=\u00bb4.5.6&#8243; _module_preset=\u00bbdefault\u00bb custom_margin=\u00bb-59px|auto||auto||\u00bb][et_pb_column type=\u00bb1_3&#8243; _builder_version=\u00bb4.5.6&#8243; _module_preset=\u00bbdefault\u00bb][et_pb_blurb title=\u00bbSistemas de Informaci\u00f3n Geogr\u00e1fica con QGIS\u00bb image=\u00bbhttp:\/\/cgp.org.pe\/web\/wp-content\/uploads\/2022\/01\/QGIS2.jpg\u00bb _builder_version=\u00bb4.5.6&#8243; _module_preset=\u00bbdefault\u00bb header_text_align=\u00bbcenter\u00bb custom_padding=\u00bb|||40px||\u00bb animation_style=\u00bbslide\u00bb][\/et_pb_blurb][\/et_pb_column][et_pb_column type=\u00bb1_3&#8243; _builder_version=\u00bb4.5.6&#8243; _module_preset=\u00bbdefault\u00bb][et_pb_blurb title=\u00bbGoogle Earth Pro\u00bb image=\u00bbhttp:\/\/cgp.org.pe\/web\/wp-content\/uploads\/2022\/01\/google-earth.jpg\u00bb _builder_version=\u00bb4.5.6&#8243; _module_preset=\u00bbdefault\u00bb header_text_align=\u00bbcenter\u00bb animation_style=\u00bbslide\u00bb][\/et_pb_blurb][\/et_pb_column][et_pb_column type=\u00bb1_3&#8243; [&hellip;]<\/p>\n","protected":false},"author":1,"featured_media":0,"parent":0,"menu_order":0,"comment_status":"closed","ping_status":"closed","template":"","meta":{"_et_pb_use_builder":"on","_et_pb_old_content":"<!-- wp:divi\/placeholder \/-->","_et_gb_content_width":"","footnotes":""},"class_list":["post-29","page","type-page","status-publish","hentry"],"_links":{"self":[{"href":"https:\/\/cgp.org.pe\/web\/wp-json\/wp\/v2\/pages\/29","targetHints":{"allow":["GET"]}}],"collection":[{"href":"https:\/\/cgp.org.pe\/web\/wp-json\/wp\/v2\/pages"}],"about":[{"href":"https:\/\/cgp.org.pe\/web\/wp-json\/wp\/v2\/types\/page"}],"author":[{"embeddable":true,"href":"https:\/\/cgp.org.pe\/web\/wp-json\/wp\/v2\/users\/1"}],"replies":[{"embeddable":true,"href":"https:\/\/cgp.org.pe\/web\/wp-json\/wp\/v2\/comments?post=29"}],"version-history":[{"count":22,"href":"https:\/\/cgp.org.pe\/web\/wp-json\/wp\/v2\/pages\/29\/revisions"}],"predecessor-version":[{"id":5014,"href":"https:\/\/cgp.org.pe\/web\/wp-json\/wp\/v2\/pages\/29\/revisions\/5014"}],"wp:attachment":[{"href":"https:\/\/cgp.org.pe\/web\/wp-json\/wp\/v2\/media?parent=29"}],"curies":[{"name":"wp","href":"https:\/\/api.w.org\/{rel}","templated":true}]}}